3 + 35*x**2 + 40*x - 274. What are the prime factors of s(-30)?
2, 17, 89
Let d(m) = 9*m**2 - 2*m - 3. Let g be d(-1). Suppose -g*p + 293 = -979. What are the prime factors of p?
3, 53
Suppose 8 = -0*o - 4*o, 0 = -5*l - 3*o + 4. Suppose -l*k + 181 = 3*t, -k = 5*t + 2*k - 300. List the prime factors of t.
3, 19
What are the prime factors of 22390/35 + 6*(-5)/(-105)?
2, 5
Suppose -r + 0 = z + 5, -4*r = 5*z + 21. List the prime factors of (r/(-8))/(2/16).
2
Let s(u) = u**3 - 3*u**2 + 3*u + 3. Let a be s(3). Let l = 2 + a. What are the prime factors of l?
2, 7
Suppose -2*j + 14 - 8 = 0. Suppose -1 - 35 = -j*w. What are the prime factors of w?
2, 3
Suppose -2*g + 60 = 2*g. Suppose g*h - 16*h + 82 = 0. List the prime factors of h.
2, 41
Suppose -16*v = -12*v + 12, 0 = -5*d + 3*v + 4904. What are the prime factors of d?
11, 89
Suppose -2*z + 25609 = 5*c, -158*c + 161*c - 5*z = 15353. List the prime factors of c.
3, 569
Suppose -5*b = 10, -a - b + 1311 = 4*b. Suppose -15*d = -29 - a. List the prime factors of d.
2, 3, 5
Suppose -329 = -11*n + 10671. What are the prime factors of n?
2, 5
Suppose -2383 = -3*m - 3*n - 2*n, -4*m + 3174 = 5*n. What are the prime factors of m?
7, 113
Let v(q) = -q**3 + 15*q**2 - 19*q + 4. Let r be v(16). What are the prime factors of (30/24 + -1)/((-1)/r)?
139
Suppose -4*j + 2*j - 2*i + 8 = 0, 4*j - 4*i = 0. Suppose j*w - 50 = 86. List the prime factors of w.
2, 17
Let j(y) = 3*y**2 - 6 + 1 + 5*y**2 + y**3 - 3*y - 3. Suppose -x + 5*v - 27 = 6, 0 = x + v + 3. What are the prime factors of j(x)?
2
List the prime factors of ((-2)/6*-1)/(3/2061).
229
Let b = -40 - -211. What are the prime factors of b?
3, 19
Let v be 4/(-4) - (-2 + 1). Suppose -3 = 3*j - v*j. Let w(y) = -56*y + 1. What are the prime factors of w(j)?
3, 19
Let x(w) = 4*w - 16. Let y(s) = -3*s + 17. Let v(f) = -2*x(f) - 3*y(f). Let r be v(13). List the prime factors of r/(-15) + 2304/40.
2, 29
Suppose -63*o = -75*o + 43776. List the prime factors of o.
2, 3, 19
Let z be 6/(-9) + 3/((-9)/(-143)). Suppose -42 = -n + z. What are the prime factors of n?
89
Let j(d) = 14*d - 16. Let q(o) = -6*o - 49. Let w be q(-10). List the prime factors of j(w).
2, 3, 23
Suppose 0 = 2*d + 2, 0 = 5*t - 5*d - 5 - 10. Suppose k = t - 15. Let u(i) = -i**2 - 14*i + 13. List the prime factors of u(k).
2, 13
Suppose 0 = 5*o - 7*f + 2*f - 3575, 3*f + 2859 = 4*o. List the prime factors of o.
2, 3, 7, 17
Let x(h) = -h**2 - 2*h + 2. Let s be x(-2). Suppose s*m + 4*w + 4 = 6*m, 0 = 4*m + 3*w - 32. List the prime factors of ((-4)/(-10))/(m/125).
2, 5
Let q = 5579 - 740. List the prime factors of q.
3, 1613
Let l(y) = 5*y**3 - 5*y**2 - 2*y. Suppose 2*s + 0*x + 4 = 5*x, 0 = -2*x + 4. List the prime factors of l(s).
2, 3, 7
Let q(g) = g - 4. Suppose 0 = 4*y - 12 - 4. Let i be q(y). Suppose i = -4*k + 5*k - 27. List the prime factors of k.
3
Let t(b) = 1277*b**2 - 21*b + 41. What are the prime factors of t(2)?
5107
Let j(n) = -350*n - 28. List the prime factors of j(-4).
2, 7
Let o(n) = 280*n**2 - 10*n - 18. List the prime factors of o(-2).
2, 3, 11, 17
Suppose 2*h - 4*i = 4570, 0 = 4*h - 3*i - 3492 - 5638. List the prime factors of h.
2281
Suppose -14222 = -3*w - 71*k + 66*k, 3*k + 23760 = 5*w. What are the prime factors of w?
3, 1583
Suppose 7*r = -35*r + 8820. What are the prime factors of r?
2, 3, 5, 7
Suppose 5*z + 4*s = -45, 5*z + s - 1 = -31. Let f = -7 - z. List the prime factors of 44/8 - 3/f.
7
Let q(u) = 1 - 4*u + 4*u - 13*u**2 + 22*u**2 - 2*u. Let p be q(3). What are the prime factors of 22 + -19 - p/(-2)?
41
Let m(w) = -w + 4. Let b be m(2). Suppose -b*u - 431 = u - 4*g, -2*g + 433 = -3*u. List the prime factors of (1 + -2)/(5/u).
29
Let t be ((-1)/2)/((-1)/116). Let c be t*1/4*-4. Let j = -25 - c. What are the prime factors of j?
3, 11
Suppose -2*z - 1 - 7 = 0. List the prime factors of 7*z*9/((-54)/12).
2, 7
Let w = 17 - 12. Suppose 2*n = -n - 2*m + w, m + 10 = n. Suppose 4*a = n + 111. What are the prime factors of a?
29
Let g be (11 - 10)*(-1)/(3/(-507)). Suppose k - 29 = -h, 4*k + 46 = 3*h + g. What are the prime factors of k?
2, 3, 5
Suppose 4*l - 2*l + 74 = 0. What are the prime factors of (l/2)/((-21)/42)?
37
Let r(j) be the first derivative of j**2/2 - 4*j - 4. Let f be r(8). Suppose f*d = 17 + 35. What are the prime factors of d?
13
Suppose 8*g - 4*g - 3*b - 2060 = 0, -3*g - 3*b = -1545. What are the prime factors of g?
5, 103
Suppose 4*w - 6*w + 380 = 0. Suppose -30 = 5*a - w. What are the prime factors of 4 - (2 - 3 - a)?
37
Suppose 2*z - 2 = 2*j, z - 3 = 4*j - 14. List the prime factors of (8 - j) + -3 + 3.
2
Suppose -l = -4*w - 14, -l - l = -2*w - 16. Let y be (-9)/l*(-2 + -12). Suppose -5*x - 4*v = -v, -2*x + y = -3*v. List the prime factors of x.
3
Suppose 2*q = -0*q - 36. Let z = q - -109. What are the prime factors of z?
7, 13
Suppose g + 2*x = -347, 1194 + 238 = -4*g + 3*x. Let l = -70 - g. What are the prime factors of l?
3, 5, 19
Let q(x) = -x**2 - 4*x - 11. Let y be q(-5). What are the prime factors of (0 + (-148)/(-6))/(y/(-24))?
37
Let o be (-15)/6 + 207/6. Suppose -64 = -4*x + o. List the prime factors of x.
2, 3
Let u = 213 + 708. What are the prime factors of u?
3, 307
Let v be -4*3/(-6)*-7. Let x = v - -26. Let r = x + -5. What are the prime factors of r?
7
Let a(g) be the third derivative of g**5/60 + 3*g**4/8 + 3*g**3/2 + 3*g**2. Let j be a(-6). What are the prime factors of -27*((-3)/j - 1)?
2, 3
Suppose -47*k + 48*k - 308 = 0. List the prime factors of k.
2, 7, 11
Suppose -2*q - 2*q + 240 = 0. Suppose -2*c + 20 = -4*x, 5*x + 9 = -3*c - 5. Suppose 3*k + c*k = q. List the prime factors of k.
2, 3
Suppose -8*b = -3*b + 260. Let l = b - -199. What are the prime factors of l?
3, 7
Suppose -2*y + 5*y + 22 = -5*n, 0 = 5*n + 10. Let t = y - -95. Suppose 4*a + 40 + 6 = 2*p, 4*a = 5*p - t. What are the prime factors of p?
3, 5
What are the prime factors of (-24)/(-108)*1 + (-10285)/(-9)?
3, 127
Let k(w) = 21*w + 17. What are the prime factors of k(4)?
101
Suppose l - 5 + 0 = 0. Suppose -12 = -l*u + 728. Suppose -u = -3*m - 22. What are the prime factors of m?
2, 3, 7
Let z(n) be the third derivative of 0*n + 3/2*n**3 + 0 - n**2 + 1/4*n**4. List the prime factors of z(5).
3, 13
Suppose 4*v - 5*q - 1 = 2*v, -4*q = 5*v - 52. List the prime factors of v.
2
Let j(x) = -x**3 + 2*x**2 + 4*x - 3. Let p be j(3). Suppose -q - z - 7 + 3 = 0, p = -5*q + 5*z + 20. Let v = 21 - q. What are the prime factors of v?
3, 7
Suppose 0 = 3*k - 63 - 6. Suppose -4*q + 24 = 3*j, -3*j - 2*j = q - k. What are the prime factors of q?
3
Suppose 5*i - 28 - 397 = 0. What are the prime factors of i?
5, 17
Let i(n) be the first derivative of n**3/3 - n**2/2 + 15*n + 16. Let j(x) = -x - 2. Let u be j(-2). What are the prime factors of i(u)?
3, 5
Let w = -504 + 708. Suppose -3*k = -w - 99. Suppose 4*v - k = v - 5*i, -v = -3*i - 29. What are the prime factors of v?
2
Let m = -517 - -866. List the prime factors of m.
349
Let x(z) = z**3 + 12*z**2 + 11*z + 18. Let g(d) = -d**3 - 12*d**2 - 12*d - 19. Let n(s) = -5*g(s) - 6*x(s). List the prime factors of n(-12).
59
Let l(z) = -z**2 + 21*z - 5. Let p be l(8). Suppose 7 = 4*o - h, 0*o - 3*o + 4 = -2*h. Suppose o*u - p = -u. What are the prime factors of u?
3, 11
Let d(y) = 7*y - 3. Let a be 6*((-8)/12)/(-1). Let p be d(a). Suppose -x = -0*x - p. List the prime factors of x.
5
Let p = 8521 + -5794. What are the prime factors of p?
3, 101
Let u = -97 + 218. What are the prime factors of u?
11
Let i = 3 - -82. Let l = i - 8. What are the prime factors of l?
7, 11
Let q(u) = 22*u + 18. Let v be q(16). Suppose -5*x - v = -2*l, -12 = -0*x - 3*x. List the prime factors of l.
3, 5, 13
Suppose 0 = -2*d - 3*m - 161, -3*d + 2*m = 5*m + 246. Let v = -6 - d. What are the prime factors of v?
79
Suppose -44*u + 40*u = 0. Suppose -3*z - 2*x + 284 = u, -z + 3*z = -5*x + 204. List the prime factors of z.
2, 23
Suppose 8*t - 839 = 17. List the prime factors of t.
107
Suppose 23*b = 28*b - 185. What are the prime factors of b?
37
Suppose -5*a - 756 = -2*w, 3*a - 138 = -3*w + 954. List the prime factors of w.
2, 23
Let y be 12/(-8)*(-1 - 1). What are the prime factors of (-6)/9*y - -25?
23
Let y(n) = 122*n**2 - 10*n - 5. List the prime factors of y(-4).
1987
Let x(j) = 